lse
Is 59155 prime?
False
Is 768191 a prime number?
True
Is 762319 a composite number?
False
Is 33691 a prime number?
False
Is 67657 composite?
True
Is 3831 a prime number?
False
Is 76546 a composite number?
True
Is 38443 composite?
True
Is 6744229 composite?
False
Is 34253 composite?
False
Is 3643 a composite number?
False
Is 166739 a prime number?
True
Is 32919 composite?
True
Is 3343 a prime number?
True
Is 117235 a prime number?
False
Is 379327 a composite number?
True
Is 1417 prime?
False
Is 201151 a composite number?
False
Is 21133 a prime number?
False
Is 53527 composite?
False
Is 472963 prime?
True
Is 54037 composite?
False
Is 1739 a prime number?
False
Is 16141 prime?
True
Is 21085 a prime number?
False
Is 2103899 a composite number?
True
Is 144037 composite?
False
Is 40589 prime?
False
Is 105137 a prime number?
True
Is 10909 a composite number?
False
Is 45029 prime?
False
Is 19658 prime?
False
Is 1509857 a composite number?
False
Is 80061 prime?
False
Is 329542 a composite number?
True
Is 1619543 prime?
False
Is 470521 a prime number?
True
Is 437729 a prime number?
True
Is 382933 composite?
False
Is 8899 prime?
False
Is 415829 composite?
True
Is 89839 a composite number?
False
Is 551357 prime?
False
Is 22313 a prime number?
False
Is 9491 a prime number?
True
Is 31951 prime?
False
Is 37277 a composite number?
False
Is 3709 composite?
False
Is 4073 prime?
True
Is 241249 a prime number?
True
Is 17827 prime?
True
Is 100427 a prime number?
False
Is 45427 prime?
True
Is 459785 prime?
False
Is 10831 composite?
False
Is 53479 composite?
False
Is 51449 composite?
False
Is 8491 composite?
True
Is 5149 a prime number?
False
Is 93047 prime?
True
Is 17821 composite?
True
Is 383803 prime?
False
Is 1931 a prime number?
True
Is 184694 a prime number?
False
Is 205099 composite?
True
Is 57635 a prime number?
False
Is 59879 composite?
False
Is 7262 prime?
False
Is 270299 a prime number?
True
Is 9895 a prime number?
False
Is 122131 prime?
True
Is 2493707 prime?
True
Is 1724591 prime?
False
Is 1257 a prime number?
False
Is 476621 a composite number?
True
Is 8219 composite?
False
Is 43481 prime?
True
Is 84166 a composite number?
True
Is 142669 a prime number?
False
Is 32061 composite?
True
Is 2533 a prime number?
False
Is 4391 prime?
True
Is 350599 composite?
True
Is 42163 a composite number?
True
Is 611783 prime?
False
Is 5765 a composite number?
True
Is 99961 prime?
True
Is 24019 prime?
True
Is 21779 a prime number?
False
Is 368518 a prime number?
False
Is 3489 prime?
False
Is 587 a prime number?
True
Is 58403 prime?
True
Is 214663 prime?
True
Is 26921 composite?
False
Is 14591 composite?
False
Is 504055 a composite number?
True
Is 20231 a composite number?
False
Is 136013 a prime number?
True
Is 18509 prime?
False
Is 211 a prime number?
True
Is 155797 prime?
True
Is 82959 prime?
False
Is 146977 prime?
True
Is 8659 a composite number?
True
Is 222931 composite?
False
Is 13249 a prime number?
True
Is 107233 prime?
False
Is 6857 a prime number?
True
Is 89977 a prime number?
True
Is 1753 prime?
True
Is 106563 a prime number?
False
Is 35941 a prime number?
False
Is 164287 composite?
True
Is 224881 prime?
True
Is 6449 a prime number?
True
Is 878483 a prime number?
False
Is 57801 prime?
False
Is 170657 composite?
True
Is 439403 a prime number?
False
Is 1511 a composite number?
False
Is 1597 prime?
True
Is 10753 a prime number?
True
Is 6511 a prime number?
False
Is 17203 prime?
True
Is 5755 composite?
True
Is 11057 prime?
True
Is 787 a composite number?
False
Is 102751 composite?
True
Is 328469 a prime number?
False
Is 445103 a prime number?
True
Is 120893 a composite number?
True
Is 1139701 composite?
True
Is 6911 composite?
False
Is 60101 a composite number?
False
Is 2721 composite?
True
Is 181149 composite?
True
Is 47711 a prime number?
True
Is 53353 a prime number?
True
Is 24333 a prime number?
False
Is 163243 composite?
False
Is 201011 a composite number?
False
Is 62273 composite?
False
Is 47189 a prime number?
True
Is 21806 composite?
True
Is 11197 a prime number?
True
Is 20931 a composite number?
True
Is 8057 a composite number?
True
Is 373453 a composite number?
False
Is 136415 a prime number?
False
Is 128487 a composite number?
True
Is 304789 a composite number?
False
Is 8147 prime?
True
Is 2330855 a composite number?
True
Is 354953 prime?
True
Is 521 a prime number?
True
Is 316259 prime?
True
Is 206993 composite?
False
Is 263737 composite?
False
Is 84743 a prime number?
False
Is 3716911 composite?
True
Is 776467 a composite number?
False
Is 110029 prime?
False
Is 86393 composite?
True
Is 50849 prime?
True
Is 481 prime?
False
Is 63134 a prime number?
False
Is 360749 prime?
True
Is 409 a prime number?
True
Is 144083 prime?
False
Is 241759 a composite number?
True
Is 476503 a prime number?
False
Is 55859 composite?
True
Is 2351 composite?
False
Is 466409 a prime number?
True
Is 17539 a prime number?
True
Is 136301 composite?
True
Is 21431 a prime number?
False
Is 124481 prime?
False
Is 16309 composite?
True
Is 6287 a composite number?
False
Is 802909 prime?
True
Is 285611 prime?
True
Is 6823 a prime number?
True
Is 163543 a prime number?
True
Is 15063 a prime number?
False
Is 262819 a prime number?
True
Is 5227 prime?
True
Is 6113 a prime number?
True
Is 20278 a composite number?
True
Is 445229 prime?
True
Is 1378057 composite?
False
Is 52223 composite?
False
Is 209863 a composite number?
True
Is 42257 prime?
True
Is 28277 a composite number?
False
Is 2493665 prime?
False
Is 564739 composite?
True
Is 376501 a composite number?
False
Is 30047 composite?
False
Is 35671 a prime number?
True
Is 1663251 composite?
True
Is 209621 prime?
True
Is 173231 prime?
False
Is 18101 prime?
False
Is 226079 a prime number?
False
Is 1278481 a prime number?
True
Is 25007 a composite number?
True
Is 34493 a composite number?
True
Is 245067 prime?
False
Is 514851 a composite number?
True
Is 2743201 composite?
True
Is 100535 composite?
True
Is 8402 prime?
False
Is 32087 prime?
False
Is 63785 composite?
True
Is 141187 prime?
False
Is 349489 a prime number?
False
Is 46001 a prime number?
False
Is 1511 composite?
False
Is 224369 a composite number?
True
Is 31829 a prime number?
False
Is 24439 a prime number?
True
Is 163703 composite?
True
Is 1831 a composite number?
False
Is 4583 prime?
True
Is 232567 a composite number?
False
Is 753 a composite number?
True
Is 791 prime?
False
Is 6421 prime?
True
Is 3293 prime?
False
Is 22733 prime?
False
Is 578917 a composite number?
False
Is 395 prime?
False
Is 193699 prime?
False
Is 63577 composite?
False
Is 171663 prime?
False
Is 8483 composite?
True
Is 20579 a prime number?
False
Is 171379 prime?
False
Is 510031 composite?
False
Is 623897 a prime number?
False
Is 1366241 a prime number?
True
Is 7819 prime?
False
Is 431995 a prime number?
False
Is 15541 a composite number?
False
Is 9899 a composite number?
True
Is 89751 prime?
False
Is 7639 a prime number?
True
Is 494579 a composite number?
True
Is 24877 a prime number?
True
Is 6689 composite?
False
Is 1658717 a prime number?
False
Is 19567 a prime number?
False
Is 23149 a prime number?
False
Is 2237 a composite number?
False
Is 18301 a prime number?
True
Is 15193 prime?
True
Is 515 a prime number?
False
Is 64939 a prime number?
False
Is 50047 a prime number?
True
Is 1973 a composite number?
False
Is 10297 a prime number?
False
Is 98006 prime?
False
Is 15937 prime?
True
Is 15814 a composite number?
True
Is 35591 a prime number?
True
Is 1275437 prime?
True
Is 40853 a composite number?
False
Is 655507 composite?
False
Is 250121 a prime number?
False
Is 7903 composite?
True
Is 1162387 composite?
True
Is 490367 prime?
True
Is 43319 a prime number?
True
Is 4181479 a prime number?
True
Is 54191 a composite number?
True
Is 8383 prime?
False
Is 2609 prime?
True
Is 8707 composite?
False
Is 755539 a prime number?
True
Is 17153 a prime number?
False
Is 78133 a composite number?
True
Is 175345 a composite number?
True
Is 78241 a composite number?
False
Is 261259 a composite number?
True
Is 299809 a prime number?
False
Is 18539 prime?
True
Is 43711 composite?
False
Is 177319 a composite number?
False
Is 935819 prime?
True
Is 11287 composite?
False
Is 32071 a prime number?
False
Is 2099 composite?
Fa